{"id":11,"date":"2018-10-15T18:22:39","date_gmt":"2018-10-15T16:22:39","guid":{"rendered":"http:\/\/www.vitrac-gestion.fr\/?page_id=11"},"modified":"2018-10-16T10:06:01","modified_gmt":"2018-10-16T08:06:01","slug":"qui-sommes-nous","status":"publish","type":"page","link":"https:\/\/www.vitrac-gestion.fr\/index.php\/qui-sommes-nous\/","title":{"rendered":"Qui sommes nous"},"content":{"rendered":"<p><b>Lionel Bonnet<br \/>\n<\/b><em>Associ\u00e9 Fondateur<br \/>\n<\/em><\/p>\n<p>Ex DAF d\u2019un groupe de banque\u2013assurances<br \/>\nEx Inspecteur G\u00e9n\u00e9ral d\u2019une soci\u00e9t\u00e9 de cr\u00e9dit<\/p>\n<p>Fondateur de soci\u00e9t\u00e9s de conseil,<br \/>\net de BPO<\/p>\n<p>Ex consultant banque\u2013assurances<\/p>\n<p>MBA Warwick<br \/>\nSciences Po Lyon<\/p>\n","protected":false},"excerpt":{"rendered":"<p>Lionel Bonnet Associ\u00e9 Fondateur Ex DAF d\u2019un groupe de banque\u2013assurances Ex Inspecteur G\u00e9n\u00e9ral d\u2019une soci\u00e9t\u00e9 de cr\u00e9dit Fondateur de soci\u00e9t\u00e9s de conseil, et de BPO Ex consultant banque\u2013assurances MBA Warwick Sciences Po Lyon<\/p>\n","protected":false},"author":1,"featured_media":0,"parent":0,"menu_order":0,"comment_status":"closed","ping_status":"closed","template":"","meta":{"_mi_skip_tracking":false},"_links":{"self":[{"href":"https:\/\/www.vitrac-gestion.fr\/index.php\/wp-json\/wp\/v2\/pages\/11"}],"collection":[{"href":"https:\/\/www.vitrac-gestion.fr\/index.php\/wp-json\/wp\/v2\/pages"}],"about":[{"href":"https:\/\/www.vitrac-gestion.fr\/index.php\/wp-json\/wp\/v2\/types\/page"}],"author":[{"embeddable":true,"href":"https:\/\/www.vitrac-gestion.fr\/index.php\/wp-json\/wp\/v2\/users\/1"}],"replies":[{"embeddable":true,"href":"https:\/\/www.vitrac-gestion.fr\/index.php\/wp-json\/wp\/v2\/comments?post=11"}],"version-history":[{"count":5,"href":"https:\/\/www.vitrac-gestion.fr\/index.php\/wp-json\/wp\/v2\/pages\/11\/revisions"}],"predecessor-version":[{"id":54,"href":"https:\/\/www.vitrac-gestion.fr\/index.php\/wp-json\/wp\/v2\/pages\/11\/revisions\/54"}],"wp:attachment":[{"href":"https:\/\/www.vitrac-gestion.fr\/index.php\/wp-json\/wp\/v2\/media?parent=11"}],"curies":[{"name":"wp","href":"https:\/\/api.w.org\/{rel}","templated":true}]}}