{"id":7,"date":"2018-10-15T18:22:38","date_gmt":"2018-10-15T16:22:38","guid":{"rendered":"http:\/\/www.vitrac-gestion.fr\/?page_id=7"},"modified":"2018-10-16T16:10:55","modified_gmt":"2018-10-16T14:10:55","slug":"accueil","status":"publish","type":"page","link":"https:\/\/www.vitrac-gestion.fr\/","title":{"rendered":"Accueil"},"content":{"rendered":"<p><strong><img loading=\"lazy\" class=\"wp-image-61 size-medium aligncenter\" src=\"http:\/\/www.vitrac-gestion.fr\/wp-content\/uploads\/2018\/10\/Logo-Vitrac-Gestion-300x293.png\" alt=\"\" width=\"300\" height=\"293\" \/><\/strong><\/p>\n<p><strong>VITRAC GESTION<\/strong>, ce sont des dirigeants et des consultants <strong>fortement exp\u00e9riment\u00e9s,<\/strong> qui vous proposent <strong>leur expertise et leur cr\u00e9ativit\u00e9<\/strong> pour vous accompagner dans <strong>la transformation de votre organisation<\/strong><\/p>\n","protected":false},"excerpt":{"rendered":"<p>VITRAC GESTION, ce sont des dirigeants et des consultants fortement exp\u00e9riment\u00e9s, qui vous proposent leur expertise et leur cr\u00e9ativit\u00e9 pour vous accompagner dans la transformation de votre organisation<\/p>\n","protected":false},"author":1,"featured_media":0,"parent":0,"menu_order":0,"comment_status":"closed","ping_status":"closed","template":"","meta":{"_mi_skip_tracking":false},"_links":{"self":[{"href":"https:\/\/www.vitrac-gestion.fr\/index.php\/wp-json\/wp\/v2\/pages\/7"}],"collection":[{"href":"https:\/\/www.vitrac-gestion.fr\/index.php\/wp-json\/wp\/v2\/pages"}],"about":[{"href":"https:\/\/www.vitrac-gestion.fr\/index.php\/wp-json\/wp\/v2\/types\/page"}],"author":[{"embeddable":true,"href":"https:\/\/www.vitrac-gestion.fr\/index.php\/wp-json\/wp\/v2\/users\/1"}],"replies":[{"embeddable":true,"href":"https:\/\/www.vitrac-gestion.fr\/index.php\/wp-json\/wp\/v2\/comments?post=7"}],"version-history":[{"count":7,"href":"https:\/\/www.vitrac-gestion.fr\/index.php\/wp-json\/wp\/v2\/pages\/7\/revisions"}],"predecessor-version":[{"id":71,"href":"https:\/\/www.vitrac-gestion.fr\/index.php\/wp-json\/wp\/v2\/pages\/7\/revisions\/71"}],"wp:attachment":[{"href":"https:\/\/www.vitrac-gestion.fr\/index.php\/wp-json\/wp\/v2\/media?parent=7"}],"curies":[{"name":"wp","href":"https:\/\/api.w.org\/{rel}","templated":true}]}}